{"id":121,"date":"2025-09-02T10:56:30","date_gmt":"2025-09-02T10:56:30","guid":{"rendered":"https:\/\/visitcantabria.org\/?page_id=121"},"modified":"2025-09-09T14:35:29","modified_gmt":"2025-09-09T14:35:29","slug":"coworking","status":"publish","type":"page","link":"https:\/\/visitcantabria.org\/index.php\/coworking\/","title":{"rendered":"COWORKING"},"content":{"rendered":"<p>[et_pb_section fb_built=\u00bb1&#8243; custom_padding_last_edited=\u00bbon|phone\u00bb _builder_version=\u00bb4.27.4&#8243; _module_preset=\u00bbdefault\u00bb use_background_color_gradient=\u00bbon\u00bb background_color_gradient_stops=\u00bbrgba(62,112,46,0.39) 0%|rgba(62,112,46,0.79) 100%\u00bb background_color_gradient_overlays_image=\u00bbon\u00bb background_image=\u00bbhttps:\/\/visitcantabria.org\/wp-content\/uploads\/2025\/09\/2-coworking.jpg\u00bb background_position=\u00bbbottom_center\u00bb custom_padding=\u00bb43px||43px||true|false\u00bb custom_padding_tablet=\u00bb102px||102px||true|false\u00bb custom_padding_phone=\u00bb60px||60px||true|false\u00bb global_colors_info=\u00bb{}\u00bb][et_pb_row column_structure=\u00bb3_4,1_4&#8243; _builder_version=\u00bb4.27.4&#8243; _module_preset=\u00bbdefault\u00bb custom_margin=\u00bb0px||0px||false|false\u00bb custom_padding=\u00bb0px||0px||false|false\u00bb global_colors_info=\u00bb{}\u00bb][et_pb_column type=\u00bb3_4&#8243; _builder_version=\u00bb4.27.4&#8243; _module_preset=\u00bbdefault\u00bb global_colors_info=\u00bb{}\u00bb][et_pb_text _builder_version=\u00bb4.27.4&#8243; _module_preset=\u00bbdefault\u00bb text_font=\u00bbEB Garamond||||||||\u00bb text_text_color=\u00bb#f5f8ee\u00bb text_font_size=\u00bb59px\u00bb custom_margin=\u00bb100px||||false|false\u00bb custom_margin_tablet=\u00bb100px||||false|false\u00bb custom_margin_phone=\u00bb-2px||||false|false\u00bb custom_margin_last_edited=\u00bbon|phone\u00bb hover_enabled=\u00bb0&#8243; text_font_size_tablet=\u00bb63px\u00bb text_font_size_phone=\u00bb50px\u00bb text_font_size_last_edited=\u00bbon|phone\u00bb text_line_height_tablet=\u00bb\u00bb text_line_height_phone=\u00bb1.4em\u00bb text_line_height_last_edited=\u00bbon|phone\u00bb text_orientation_tablet=\u00bb\u00bb text_orientation_phone=\u00bbcenter\u00bb text_orientation_last_edited=\u00bbon|phone\u00bb global_colors_info=\u00bb{}\u00bb text_line_height=\u00bb1.3em\u00bb sticky_enabled=\u00bb0&#8243;]<\/p>\n<p>COWORKING RELAXWORK<\/p>\n<p>[\/et_pb_text][et_pb_text _builder_version=\u00bb4.27.4&#8243; _module_preset=\u00bbdefault\u00bb text_font=\u00bbEB Garamond||||||||\u00bb text_text_color=\u00bb#f5f8ee\u00bb text_font_size=\u00bb61px\u00bb custom_margin=\u00bb63px||||false|false\u00bb custom_margin_tablet=\u00bb79px||||false|false\u00bb custom_margin_phone=\u00bb44px||34px||false|false\u00bb custom_margin_last_edited=\u00bbon|phone\u00bb hover_enabled=\u00bb0&#8243; text_orientation_tablet=\u00bb\u00bb text_orientation_phone=\u00bbcenter\u00bb text_orientation_last_edited=\u00bbon|phone\u00bb global_colors_info=\u00bb{}\u00bb text_letter_spacing=\u00bb1px\u00bb sticky_enabled=\u00bb0&#8243;]<\/p>\n<p>Oficinas en alquiler<\/p>\n<p>[\/et_pb_text][\/et_pb_column][et_pb_column type=\u00bb1_4&#8243; _builder_version=\u00bb4.27.4&#8243; _module_preset=\u00bbdefault\u00bb global_colors_info=\u00bb{}\u00bb][et_pb_text _builder_version=\u00bb4.27.4&#8243; _module_preset=\u00bbdefault\u00bb global_colors_info=\u00bb{}\u00bb]<\/p>\n\n    <div class=\"es-search__wrapper es-search__wrapper--vertical \">\n\n        \n        <form action=\"https:\/\/visitcantabria.org\/index.php\/resultados-de-la-busqueda\/\" role=\"search\" method=\"get\">\n\n                                        \n                                                                        <div class=\"es-search__field es-search__field--price\">\n                            <div class=\"es-field__label\">\n            <label for=\"es-search-price-input\">\n            Precio\n            <\/label><\/div><div class=\"es-field__wrap \"><div class=\"es-field__range\">\n                                 <input id=\"es-search-price-input-min\" type=\"text\" placeholder=\"min\" name=\"es_search[price][min]\"  step=\"any\"  value=\"\"\/><input id=\"es-search-price-input-max\" type=\"text\" placeholder=\"max\" name=\"es_search[price][max]\"  step=\"any\"  value=\"\"\/><\/div><\/div>                        <\/div>\n                                                                                                        <div class=\"es-search__field es-search__field--es_category\">\n                            <div class=\"es-field__label\">\n            <label for=\"es-search-es_category-input\">\n            Categor\u00eda\n            <\/label><\/div><div class=\"es-field__wrap \"><select name=\"es_search[es_category][]\"  class=\"es-select2-tags\" multiple=\"1\" data-placeholder=\"Categor\u00eda\" id=\"es-search-es_category-input\" value=\"\" ><option>-- Elija Categor\u00eda --<\/option><option value=\"85\" >Alquiler<\/option><option value=\"44\" >ALQUILER ALOJAMIENTOS<\/option><option value=\"86\" >Alquiler Garages, Trasteros<\/option><option value=\"87\" >Alquiler Locales<\/option><option value=\"42\" >COWORKING<\/option><option value=\"84\" >GARAGE<\/option><option value=\"43\" >HUERTOS URBANOS<\/option><option value=\"119\" >Por Noche<\/option><option value=\"78\" >TRASPASO<\/option><option value=\"88\" >Trasteros<\/option><\/select><\/div>                        <\/div>\n                                                                                                        <div class=\"es-search__field es-search__field--es_status\">\n                            <div class=\"es-field__label\">\n            <label for=\"es-search-es_status-input\">\n            Zona\n            <\/label><\/div><div class=\"es-field__wrap \"><select name=\"es_search[es_status][]\"  class=\"es-select2-tags\" multiple=\"1\" data-placeholder=\"Zona\" id=\"es-search-es_status-input\" value=\"\" ><option>-- Elija Zona --<\/option><option value=\"107\" >El Alisal<\/option><option value=\"80\" >Meruelo<\/option><option value=\"79\" >Momp\u00eda<\/option><option value=\"90\" >Pontejos<\/option><option value=\"89\" >Quijano<\/option><option value=\"93\" >Renedo de Pi\u00e9lagos<\/option><option value=\"108\" >Santander<\/option><option value=\"92\" >Zurita de Pi\u00e9lagos<\/option><\/select><\/div>                        <\/div>\n                                                                                                        <div class=\"es-search__field es-search__field--es_type\">\n                            <div class=\"es-field__label\">\n            <label for=\"es-search-es_type-input\">\n            Tipo\n            <\/label><\/div><div class=\"es-field__wrap \"><select name=\"es_search[es_type][]\"  class=\"es-select2-tags\" multiple=\"1\" data-placeholder=\"Tipo\" id=\"es-search-es_type-input\" value=\"\" ><option>-- Elija Tipo --<\/option><option value=\"45\" >Apartamento<\/option><option value=\"47\" >Garage<\/option><option value=\"49\" >Huerto Urbano<\/option><option value=\"46\" >Local<\/option><option value=\"118\" >Loft<\/option><option value=\"51\" >Oficina<\/option><option value=\"55\" >Piso<\/option><option value=\"48\" >Trastero<\/option><\/select><\/div>                        <\/div>\n                                                                        \n            \n            <div class=\"es-search__buttons\">\n                <div class=\"es-button__wrap\">\n                    <input type=\"reset\" class=\"es-button es-button-gray\" value=\"Recomponer\"\/>\n                <\/div>\n                <div class=\"es-button__wrap\">\n                    <input type=\"submit\" class=\"es-button es-button-orange-corner\" value=\"Buscar \"\/>\n                <\/div>\n\t                        <\/div>\n\n            <div class=\"es-search__messages js-es-search__messages\"><\/div>\n\n            \n        <\/form>\n\n    <\/div>\n\n<p>[\/et_pb_text][\/et_pb_column][\/et_pb_row][\/et_pb_section][et_pb_section fb_built=\u00bb1&#8243; _builder_version=\u00bb4.27.4&#8243; _module_preset=\u00bbdefault\u00bb background_color=\u00bb#f5f8ee\u00bb custom_padding=\u00bb12px||12px|||\u00bb global_colors_info=\u00bb{}\u00bb][et_pb_row _builder_version=\u00bb4.27.4&#8243; _module_preset=\u00bbdefault\u00bb width=\u00bb90%\u00bb max_width=\u00bb1250px\u00bb custom_padding=\u00bb33px||9px|||\u00bb global_colors_info=\u00bb{}\u00bb][et_pb_column type=\u00bb4_4&#8243; _builder_version=\u00bb4.27.4&#8243; _module_preset=\u00bbdefault\u00bb global_colors_info=\u00bb{}\u00bb][et_pb_text _builder_version=\u00bb4.27.4&#8243; _module_preset=\u00bbdefault\u00bb text_font=\u00bb|300|||||||\u00bb text_text_color=\u00bb#3e702e\u00bb text_font_size=\u00bb34px\u00bb text_line_height=\u00bb1.3em\u00bb text_orientation=\u00bbcenter\u00bb width=\u00bb63%\u00bb width_tablet=\u00bb63%\u00bb width_phone=\u00bb63%\u00bb width_last_edited=\u00bbon|desktop\u00bb module_alignment=\u00bbcenter\u00bb global_colors_info=\u00bb{}\u00bb]<\/p>\n<p>Ponemos a tu disposici\u00f3n un espacio de trabajo profesional, c\u00f3modo y vers\u00e1til, ideal para emprendedores, aut\u00f3nomos y empresas que necesitan flexibilidad.<\/p>\n<p>[\/et_pb_text][et_pb_text _builder_version=\u00bb4.27.4&#8243; _module_preset=\u00bbdefault\u00bb text_font=\u00bb|300|||||||\u00bb text_text_color=\u00bb#0e2b0c\u00bb text_font_size=\u00bb25px\u00bb text_line_height=\u00bb1.3em\u00bb text_orientation=\u00bbcenter\u00bb width=\u00bb89%\u00bb global_colors_info=\u00bb{}\u00bb]<\/p>\n<p>Las oficinas forman parte de un centro de coworking con sala com\u00fan de reuniones totalmente equipada y un despacho exclusivo para atenci\u00f3n personalizada, que cuenta con ba\u00f1o privado y un peque\u00f1o office para cubrir tus necesidades diarias: preparar un caf\u00e9, calentar un almuerzo o disfrutar de un descanso<\/p>\n<p>[\/et_pb_text][et_pb_divider color=\u00bb#c4c4c4&#8243; _builder_version=\u00bb4.27.4&#8243; _module_preset=\u00bbdefault\u00bb global_colors_info=\u00bb{}\u00bb][\/et_pb_divider][\/et_pb_column][\/et_pb_row][\/et_pb_section][et_pb_section fb_built=\u00bb1&#8243; _builder_version=\u00bb4.27.4&#8243; _module_preset=\u00bbdefault\u00bb background_color=\u00bb#f5f8ee\u00bb custom_padding=\u00bb19px||120px||false|\u00bb global_colors_info=\u00bb{}\u00bb][et_pb_row make_equal=\u00bbon\u00bb _builder_version=\u00bb4.27.4&#8243; _module_preset=\u00bbdefault\u00bb width=\u00bb90%\u00bb max_width=\u00bb1250px\u00bb global_colors_info=\u00bb{}\u00bb][et_pb_column type=\u00bb4_4&#8243; _builder_version=\u00bb4.27.4&#8243; _module_preset=\u00bbdefault\u00bb global_colors_info=\u00bb{}\u00bb][et_pb_text _builder_version=\u00bb4.27.4&#8243; _module_preset=\u00bbdefault\u00bb text_font=\u00bbEB Garamond||||||||\u00bb text_line_height=\u00bb1.5em\u00bb header_font=\u00bbEB Garamond||||||||\u00bb header_text_align=\u00bbleft\u00bb header_font_size=\u00bb27px\u00bb header_line_height=\u00bb1.3em\u00bb header_2_font=\u00bbEB Garamond||||||||\u00bb header_2_font_size=\u00bb24px\u00bb header_3_font=\u00bbEB Garamond||||||||\u00bb header_3_font_size=\u00bb20px\u00bb header_4_font=\u00bbEB Garamond||||||||\u00bb header_4_font_size=\u00bb16px\u00bb header_5_font=\u00bbEB Garamond||||||||\u00bb header_5_font_size=\u00bb15px\u00bb header_6_font=\u00bbEB Garamond||||||||\u00bb header_6_font_size=\u00bb13px\u00bb global_colors_info=\u00bb{}\u00bb]<\/p>\n\n    \n    <div class=\"es-wrap Divi\">\n                    \n    <form method=\"GET\" action=\"https:\/\/visitcantabria.org\/index.php\/wp-json\/wp\/v2\/pages\/121\" class=\"es-dropdown-container\">\n        <select class=\"js-es-select2-sort js-es-change-submit\" name=\"redirect_view_sort\">\n                            <option value=\"recent\"  selected='selected'>M\u00e1s reciente<\/option>\n                            <option value=\"highest_price\" >Precio m\u00e1s alto<\/option>\n                            <option value=\"lowest_price\" >Precio m\u00e1s bajo<\/option>\n                            <option value=\"featured\" >Destacado<\/option>\n                    <\/select>\n        <input type=\"hidden\" name=\"shortcode_identifier\" value=\"1\"\/>\n    <\/form>\n                <div class=\"es-listing es-layout-3_col\">\n                            \n<div id=\"post-27\" class=\"properties post-27 type-properties status-publish has-post-thumbnail hentry es_category-coworking es_status-zurita-de-pielagos es_type-oficina es_amenities-bano-privado es_amenities-conexion-wifi-de-alta-velocidad es_amenities-despacho es_amenities-office es_amenities-plaza-de-aparcamiento es_amenities-sala-comun-de-reuniones es_amenities-sistema-de-videovigilancia-24h es_amenities-television-y-equipamiento-multimedia\">\n    <div class=\"es-property-inner\">\n        <div class=\"es-property-thumbnail\">\n            <div class=\"es-thumbnail\">\n                <a href=\"https:\/\/visitcantabria.org\/index.php\/property\/oficina-25-m2-en-zurita-de-pielagos-ref-770a\/\">\n                                            <img loading=\"lazy\" decoding=\"async\" width=\"536\" height=\"370\" src=\"https:\/\/visitcantabria.org\/wp-content\/uploads\/2025\/09\/2-coworking-536x370.jpg\" class=\"attachment-es-image-size-archive size-es-image-size-archive\" alt=\"\" \/>                    \n                                            <ul class=\"es-property-label-wrap\">\n                                                                                                                                                                                                                        <li class=\"es-property-label es-property-label-coworking\"\n                                        style=\"color:#9e9e9e\">Coworking<\/li><br>\n                                                                                                                                                                                            <li class=\"es-property-label es-property-label-en-alquiler\"\n                                        style=\"color:#2dbe0e\">En Alquiler<\/li><br>\n                                                                                    <\/ul>\n                    \t                                        <div class=\"es-thumbnail-bottom\">4<\/div>\n\t                                <\/a>\n            <\/div>\n        <\/div>\n\n        <div class=\"es-property-info\">\n\n            <div class=\"es-row-view\">\n                <h2>\n                    <a href=\"https:\/\/visitcantabria.org\/index.php\/property\/oficina-25-m2-en-zurita-de-pielagos-ref-770a\/\">Oficina 25 m2 en Zurita de Pi\u00e9lagos &#8211; Ref 770A<\/a>\n                    <span class=\"es-price\">90,00 \u20ac<\/span>                <\/h2>\n            <\/div>\n\n            <div class=\"es-col-view\">\n                <h2>\n                    <a class=\"es-property-link\" href=\"https:\/\/visitcantabria.org\/index.php\/property\/oficina-25-m2-en-zurita-de-pielagos-ref-770a\/\">Oficina 25 m2 en Zurita de Pi\u00e9lagos &#8211; Ref 770A<\/a>\n\t                <a href='#' class='js-es-wishlist-button' data-id='27' data-method='add'><i class='fa fa-heart-o' aria-hidden='true'><\/i><\/a>                <\/h2>\n\t            <span class=\"es-price\">90,00 \u20ac<\/span>            <\/div>\n\n\t        \n            <div class=\"es-property-content\">\n                <div class=\"es-property-excerpt\">\n\t\t            <p>Oficina compuesta por: 1 oficina, zona de reuniones, office, servicios. Ponemos a tu disposici\u00f3n un espacio de trabajo profesional, c\u00f3modo y vers\u00e1til, ideal para emprendedores, aut\u00f3nomos y empresas que necesitan flexibilidad. La oficina forma parte de un centro de coworking con sala com\u00fan de reuniones totalmente equipada y un despacho exclusivo para atenci\u00f3n personalizada, que [&hellip;]<\/p>\n                <\/div>\n                <div class=\"es-property-wishlist\">\n\t\t            <a href='#' class='js-es-wishlist-button' data-id='27' data-method='add'><i class='fa fa-heart-o' aria-hidden='true'><\/i><\/a>                <\/div>\n            <\/div>\n\n            \n            <div class=\"es-bottom-info\">\n                \t\t\t<div class=\"es-bottom-icon__list\">\t\t\t\t\t\t<span class=\"es-bottom-icon\">\n                            \t                            <span class=\"es-meta-icon es-meta-icon--area\" style=\"background-image: url(https:\/\/visitcantabria.org\/wp-content\/plugins\/estatik\/assets\/images\/squirefit_icon.png);\"><\/span>\n                            \t\t\t\t\t\t\t25 m\u00b2                        <\/span>\n\t\t\t\t\t\t\t\t\t\t\t\t\t\t\t\t\t\t\t\t\t\t\t<span class=\"es-bottom-icon\">\n                            \t\t\t\t\t\t\tdesde ...                        <\/span>\n\t\t\t\t\t\t\t\t\t<\/div>\n\t\t\n                <div class=\"es-details-wrap\">\n                    <div class=\"es-details-flex\">\n                                                <span class=\"es-read-wrap\">\n                            <a href=\"https:\/\/visitcantabria.org\/index.php\/property\/oficina-25-m2-en-zurita-de-pielagos-ref-770a\/\" class=\"es-button es-button-orange es-hover-show es-read\">Detalles<\/a>\n                        <\/span>\n                    <\/div>\n                <\/div>\n            <\/div>\n        <\/div>\n\n    <\/div>\n<\/div>\n                            \n<div id=\"post-318\" class=\"properties post-318 type-properties status-publish has-post-thumbnail hentry es_category-coworking es_status-renedo-de-pielagos es_type-oficina es_amenities-bano-privado es_amenities-conexion-wifi-de-alta-velocidad es_amenities-despacho es_amenities-office es_amenities-plaza-de-aparcamiento es_amenities-sala-comun-de-reuniones es_amenities-sistema-de-videovigilancia-24h es_amenities-television-y-equipamiento-multimedia\">\n    <div class=\"es-property-inner\">\n        <div class=\"es-property-thumbnail\">\n            <div class=\"es-thumbnail\">\n                <a href=\"https:\/\/visitcantabria.org\/index.php\/property\/oficina-25-m2-en-renedo-de-pielagos-ref-828a\/\">\n                                            <img loading=\"lazy\" decoding=\"async\" width=\"536\" height=\"370\" src=\"https:\/\/visitcantabria.org\/wp-content\/uploads\/2025\/09\/3-coworking-536x370.jpg\" class=\"attachment-es-image-size-archive size-es-image-size-archive\" alt=\"\" \/>                    \n                                            <ul class=\"es-property-label-wrap\">\n                                                                                                                                                                                                                        <li class=\"es-property-label es-property-label-coworking\"\n                                        style=\"color:#9e9e9e\">Coworking<\/li><br>\n                                                                                                                                                                                            <li class=\"es-property-label es-property-label-en-alquiler\"\n                                        style=\"color:#2dbe0e\">En Alquiler<\/li><br>\n                                                                                    <\/ul>\n                    \t                                        <div class=\"es-thumbnail-bottom\">4<\/div>\n\t                                <\/a>\n            <\/div>\n        <\/div>\n\n        <div class=\"es-property-info\">\n\n            <div class=\"es-row-view\">\n                <h2>\n                    <a href=\"https:\/\/visitcantabria.org\/index.php\/property\/oficina-25-m2-en-renedo-de-pielagos-ref-828a\/\">Oficina 25 m2 en Renedo de Pi\u00e9lagos &#8211; Ref 828A<\/a>\n                    <span class=\"es-price\">90,00 \u20ac<\/span>                <\/h2>\n            <\/div>\n\n            <div class=\"es-col-view\">\n                <h2>\n                    <a class=\"es-property-link\" href=\"https:\/\/visitcantabria.org\/index.php\/property\/oficina-25-m2-en-renedo-de-pielagos-ref-828a\/\">Oficina 25 m2 en Renedo de Pi\u00e9lagos &#8211; Ref 828A<\/a>\n\t                <a href='#' class='js-es-wishlist-button' data-id='318' data-method='add'><i class='fa fa-heart-o' aria-hidden='true'><\/i><\/a>                <\/h2>\n\t            <span class=\"es-price\">90,00 \u20ac<\/span>            <\/div>\n\n\t        \n            <div class=\"es-property-content\">\n                <div class=\"es-property-excerpt\">\n\t\t            <p>Oficina compuesta por: 1 oficina, zona de reuniones, office, servicios. Ponemos a tu disposici\u00f3n un espacio de trabajo profesional, c\u00f3modo y vers\u00e1til, ideal para emprendedores, aut\u00f3nomos y empresas que necesitan flexibilidad. La oficina forma parte de un centro de coworking con sala com\u00fan de reuniones totalmente equipada y un despacho exclusivo para atenci\u00f3n personalizada, que [&hellip;]<\/p>\n                <\/div>\n                <div class=\"es-property-wishlist\">\n\t\t            <a href='#' class='js-es-wishlist-button' data-id='318' data-method='add'><i class='fa fa-heart-o' aria-hidden='true'><\/i><\/a>                <\/div>\n            <\/div>\n\n            \n            <div class=\"es-bottom-info\">\n                \t\t\t<div class=\"es-bottom-icon__list\">\t\t\t\t\t\t<span class=\"es-bottom-icon\">\n                            \t                            <span class=\"es-meta-icon es-meta-icon--area\" style=\"background-image: url(https:\/\/visitcantabria.org\/wp-content\/plugins\/estatik\/assets\/images\/squirefit_icon.png);\"><\/span>\n                            \t\t\t\t\t\t\t25 m\u00b2                        <\/span>\n\t\t\t\t\t\t\t\t\t\t\t\t\t\t\t\t\t\t\t\t\t\t\t<span class=\"es-bottom-icon\">\n                            \t\t\t\t\t\t\tdesde ...                        <\/span>\n\t\t\t\t\t\t\t\t\t<\/div>\n\t\t\n                <div class=\"es-details-wrap\">\n                    <div class=\"es-details-flex\">\n                                                <span class=\"es-read-wrap\">\n                            <a href=\"https:\/\/visitcantabria.org\/index.php\/property\/oficina-25-m2-en-renedo-de-pielagos-ref-828a\/\" class=\"es-button es-button-orange es-hover-show es-read\">Detalles<\/a>\n                        <\/span>\n                    <\/div>\n                <\/div>\n            <\/div>\n        <\/div>\n\n    <\/div>\n<\/div>\n                    <\/div>\n\n            <\/div>\n            \n<p>[\/et_pb_text][\/et_pb_column][\/et_pb_row][\/et_pb_section]<\/p>\n","protected":false},"excerpt":{"rendered":"<p>[et_pb_section fb_built=\u00bb1&#8243; custom_padding_last_edited=\u00bbon|phone\u00bb _builder_version=\u00bb4.27.4&#8243; _module_preset=\u00bbdefault\u00bb use_background_color_gradient=\u00bbon\u00bb background_color_gradient_stops=\u00bbrgba(62,112,46,0.39) 0%|rgba(62,112,46,0.79) 100%\u00bb background_color_gradient_overlays_image=\u00bbon\u00bb background_image=\u00bbhttps:\/\/visitcantabria.org\/wp-content\/uploads\/2025\/09\/2-coworking.jpg\u00bb background_position=\u00bbbottom_center\u00bb custom_padding=\u00bb43px||43px||true|false\u00bb custom_padding_tablet=\u00bb102px||102px||true|false\u00bb custom_padding_phone=\u00bb60px||60px||true|false\u00bb global_colors_info=\u00bb{}\u00bb][et_pb_row column_structure=\u00bb3_4,1_4&#8243; _builder_version=\u00bb4.27.4&#8243; _module_preset=\u00bbdefault\u00bb custom_margin=\u00bb0px||0px||false|false\u00bb custom_padding=\u00bb0px||0px||false|false\u00bb global_colors_info=\u00bb{}\u00bb][et_pb_column type=\u00bb3_4&#8243; _builder_version=\u00bb4.27.4&#8243; _module_preset=\u00bbdefault\u00bb global_colors_info=\u00bb{}\u00bb][et_pb_text _builder_version=\u00bb4.27.4&#8243; _module_preset=\u00bbdefault\u00bb text_font=\u00bbEB Garamond||||||||\u00bb text_text_color=\u00bb#f5f8ee\u00bb text_font_size=\u00bb59px\u00bb custom_margin=\u00bb100px||||false|false\u00bb custom_margin_tablet=\u00bb100px||||false|false\u00bb custom_margin_phone=\u00bb-2px||||false|false\u00bb custom_margin_last_edited=\u00bbon|phone\u00bb hover_enabled=\u00bb0&#8243; text_font_size_tablet=\u00bb63px\u00bb text_font_size_phone=\u00bb50px\u00bb text_font_size_last_edited=\u00bbon|phone\u00bb text_line_height_tablet=\u00bb\u00bb text_line_height_phone=\u00bb1.4em\u00bb text_line_height_last_edited=\u00bbon|phone\u00bb text_orientation_tablet=\u00bb\u00bb text_orientation_phone=\u00bbcenter\u00bb text_orientation_last_edited=\u00bbon|phone\u00bb global_colors_info=\u00bb{}\u00bb text_line_height=\u00bb1.3em\u00bb sticky_enabled=\u00bb0&#8243;] COWORKING RELAXWORK [\/et_pb_text][et_pb_text _builder_version=\u00bb4.27.4&#8243; _module_preset=\u00bbdefault\u00bb text_font=\u00bbEB [&hellip;]<\/p>\n","protected":false},"author":1,"featured_media":0,"parent":0,"menu_order":0,"comment_status":"closed","ping_status":"closed","template":"","meta":{"_et_pb_use_builder":"on","_et_pb_old_content":"","_et_gb_content_width":"","_joinchat":[],"footnotes":""},"class_list":["post-121","page","type-page","status-publish","hentry"],"_links":{"self":[{"href":"https:\/\/visitcantabria.org\/index.php\/wp-json\/wp\/v2\/pages\/121","targetHints":{"allow":["GET"]}}],"collection":[{"href":"https:\/\/visitcantabria.org\/index.php\/wp-json\/wp\/v2\/pages"}],"about":[{"href":"https:\/\/visitcantabria.org\/index.php\/wp-json\/wp\/v2\/types\/page"}],"author":[{"embeddable":true,"href":"https:\/\/visitcantabria.org\/index.php\/wp-json\/wp\/v2\/users\/1"}],"replies":[{"embeddable":true,"href":"https:\/\/visitcantabria.org\/index.php\/wp-json\/wp\/v2\/comments?post=121"}],"version-history":[{"count":1,"href":"https:\/\/visitcantabria.org\/index.php\/wp-json\/wp\/v2\/pages\/121\/revisions"}],"predecessor-version":[{"id":328,"href":"https:\/\/visitcantabria.org\/index.php\/wp-json\/wp\/v2\/pages\/121\/revisions\/328"}],"wp:attachment":[{"href":"https:\/\/visitcantabria.org\/index.php\/wp-json\/wp\/v2\/media?parent=121"}],"curies":[{"name":"wp","href":"https:\/\/api.w.org\/{rel}","templated":true}]}}